he units digit of z(-26)?
8
Let r = 552 + 16530. What is the thousands digit of r?
7
Let q = 6496 + -9392. Let w be 3/1*(-1)/(12/q). Suppose -5*i = r - w, 4*i - r + 0*r = 581. What is the tens digit of i?
4
Let g = -152 - -201. Suppose -11*o + 336 = -g. What is the units digit of o?
5
Let i be -2141 + (8 - 6)*4/2. Let y = 3175 + i. What is the tens digit of y?
3
Let o = -5611 - -7538. What is the thousands digit of o?
1
Let s(i) = 73050*i**2 - 29*i - 20. What is the units digit of s(-1)?
9
Suppose -5163*g + 5170*g = 22841. Suppose 4*b + 3*o = g, 66*o + 787 = b + 61*o. What is the units digit of b?
2
What is the units digit of 465/(8 - (7 - 126/(-133)))?
5
Suppose 2*o - 3 = 3*g - 13, -g + 3*o = -8. Suppose -v = g*v - 5*u + 1112, 5*v = 5*u - 1870. Let z = -239 - v. What is the units digit of z?
0
Let l(v) = 238*v**2 + 183*v + 935. What is the units digit of l(-5)?
0
Let s(j) = -15*j - 28. Let x(d) = 8*d + 14. Let b(h) = -6*s(h) - 11*x(h). Let k be b(16). Let z = 45 + k. What is the tens digit of z?
9
Let v(r) = -18*r**2 + 3. Let b be v(3). Let x = b + 205. What is the units digit of x?
6
Suppose 3*r - 383*a + 379*a = 10725, r = -a + 3575. What is the hundreds digit of r?
5
Suppose 0*n = -4*s - n + 38, -50 = -4*s + 5*n. Suppose 3*q - 1 = -s, 0 = -2*v - 3*q + 1451. What is the tens digit of v?
3
Suppose -4*h = 2*g - 134996 + 37572, -10*g + 5*h = -487120. What is the tens digit of g?
1
What is the thousands digit of 16/10*(8 + -2701*(-96)/8)?
1
Suppose -5240 = -4*k - 0*k + 3*a, 0 = 2*a. Let t = k - 617. What is the tens digit of t?
9
Suppose -5*s + 95259 = k, -236*s = -231*s - k - 95261. What is the thousands digit of s?
9
Let w(n) = -3*n**3 + 91*n**2 - 26*n - 48. What is the tens digit of w(26)?
6
Suppose 10*x = 3*t + 8*x - 8, 0 = -4*t + x + 14. Let f = 67 - -128. Suppose -2*r + 2*p + f = 3*p, t*p = -3*r + 280. What is the tens digit of r?
0
Suppose 0 = -6*x + 5*x + 4*n + 7, 0 = -3*x - 2*n + 7. What is the hundreds digit of 657/15*(x*2 + -1)?
2
Let m(f) = -f**2 - 3*f + 13. Let l be m(0). Suppose 0 = -l*w + 11*w - 12. Let u(n) = n**3 + 4*n**2 - 16*n - 9. What is the tens digit of u(w)?
1
Suppose b = 4*k + 37000, -k = -b + 18691 + 18333. What is the hundreds digit of b?
0
Suppose -3*b - 7 = -p - 0, -2*b + 2 = p. What is the hundreds digit of (6 + -1140)/(-3) - b?
3
Let d(h) = 5*h**3 - 2*h**2 - h + 2. Let p be d(1). Suppose 301 = 3*m + p*g - 3*g, 5*m - 485 = -5*g. What is the units digit of m?
2
Let q = 14545 + -6499. What is the tens digit of q?
4
Suppose 22*x = -13*x - 32*x + 747921. What is the units digit of x?
3
Let j(c) = 9*c**2 - 35*c - 197. What is the units digit of j(-14)?
7
What is the thousands digit of (-51)/(48/32*4/(-350))?
2
Suppose 2*q - 18 = -4*m - 6, -q = 5*m - 18. Suppose m*g + 255 = 1859. What is the tens digit of g?
0
Let r(m) = -49*m**3. Let p be r(1). Let k = p - -28. Let j = -10 - k. What is the units digit of j?
1
Let j(x) = -59 - 34 + 31 - 61 + 49*x - 88. What is the hundreds digit of j(27)?
1
Let u(r) be the first derivative of -21*r**5/5 + r**4/6 + r**3/3 - 19*r + 22. Let w(p) be the first derivative of u(p). What is the tens digit of w(-1)?
8
Let j be -5 - ((-12)/(-2) - 2 - 17). Suppose -f = 4*n - j*n + 5038, 5*f = -4*n + 5050. What is the thousands digit of n?
1
Let l be -227 + 0 - (7 + (-4 - -1)). Let i = l + 387. What is the hundreds digit of i?
1
Let s = 64724 - 35492. What is the ten thousands digit of s?
2
Let t(h) be the first derivative of -335*h**4/4 + h**3/3 + h**2 + 2*h + 46. What is the units digit of t(-1)?
6
Let q(s) = -61*s**3 - 9*s**2 + 10*s + 1. What is the thousands digit of q(-4)?
3
Let v(q) = 26*q**3 + 2*q**2 - q - 1. Let b(m) = m**3 - 25*m**2 - 26*m - 60. Let c be b(26). Let y be (-6)/4*40/c. What is the units digit of v(y)?
6
Let p be -1*10/(-4)*2. What is the tens digit of 160 - p/15*-3*5?
6
Let t = 10868 - 6365. What is the hundreds digit of t?
5
Suppose -3*y + v + 43 = 0, 0*y + 5*y - 105 = -5*v. Let i = 136 - y. What is the units digit of i?
0
Suppose 3*p + 155*v - 8366 = 150*v, 5*p - 5*v = 13890. What is the tens digit of p?
8
What is the thousands digit of (1*3 + (-639)/(-355))*6780?
2
Let t be 55/15 - (-2)/6. Suppose 2*i = 2*j - 178, t*i = -2*j + 270 - 68. What is the units digit of j?
3
Let m(z) = -z**3 + 3*z**2 + z + 16. Suppose -f + 3*g + 10 = -0*g, -4*f = -5*g - 26. Let i be m(f). Let n(b) = 8*b - 20. What is the tens digit of n(i)?
1
Let x be 53/3 - (-2)/(-3). Let q(l) = -l**3 + 16*l**2 + 7*l + 36. Let m be q(x). What is the tens digit of (-4 + (-21)/(-6))*m?
6
Let o(u) = 4*u + 6. Let v be o(-1). Suppose -v*d = 2, -5*r - 23 = 4*d + 6. Let t(c) = c**3 + 9*c**2 - 1. What is the units digit of t(r)?
9
Let z = 50 - 41. Let y be (-3 + 0/4)/(z/(-6)). What is the tens digit of (y - 4/3)*156?
0
What is the tens digit of (5 + 9277*(-15 - -4))*(-6)/18?
1
What is the units digit of (-1)/(3/(-107223)) + 13*(-216)/468?
5
Suppose 3*q + 2*l = 23, 48*l - 45*l + 13 = 5*q. Let f = 1 - 1. Suppose 5*g - 495 = -q*z, -3*g + f*z - 2*z = -294. What is the units digit of g?
6
Suppose 5*n = -20, -98*n - 12960 = -b - 95*n. What is the tens digit of b?
4
Suppose 0 = 41*v - 141862 + 5127. What is the hundreds digit of v?
3
Let z(p) = -p**3 + 57*p**2 - 92*p - 626. What is the ten thousands digit of z(46)?
1
Let t = 810 + -1554. Let g(o) = o**3 + 41*o + 88. Let u be g(-2). What is the tens digit of t/(-18) - u/3?
4
Suppose 25*m - 35787 - 22038 = 0. What is the tens digit of m?
1
Suppose 49*v - 669833 = 1882436 + 1781732. What is the units digit of v?
9
Let t(i) = -160*i**3 + 6*i**2 + 13. What is the units digit of t(-3)?
7
Suppose -4*c + 39 = -3*c. What is the tens digit of ((-894)/(-7))/(c/(-21) + 2)?
9
Let w = 1434 - 1286. What is the hundreds digit of w?
1
What is the hundreds digit of (-14)/217 - (-312141)/31?
0
Let v = 540 + 1136. Let w = v + -776. What is the units digit of w?
0
Let p(t) = t**2 + 24*t + 27. Let i be p(-23). Suppose 0 = 4*u - i*w + 4, 3 = 3*u - 3*w - 2*w. What is the tens digit of (2/u)/((-15)/3390)?
1
Suppose 0 = -3*n + 9*n - 12. Let u(p) = -32*p - p - n + 14*p - p**2. What is the units digit of u(-12)?
2
Let f be (-3)/(-1)*378/(-18). Let t = f + 45. What is the hundreds digit of (t/(-15))/(1/100)?
1
What is the ten thousands digit of 72276/7 - ((-25)/((-175)/36) - 5)?
1
Let c be (-4 + (4/(-8) - 0))*-28. Let h = -62 + c. Let n = 133 - h. What is the units digit of n?
9
Suppose 0 = -25*c - 36*c + 8967. What is the hundreds digit of c?
1
Let g(r) = 7*r**2 + 28*r + 17. Suppose -14*b + 15*b = -7. What is the hundreds digit of g(b)?
1
Suppose 2*g - 475 = -475. Suppose -2*h + g*h = -i + 138, -4*i + 5*h = -558. What is the hundreds digit of i?
1
Let s = 15581 - 4903. What is the units digit of s?
8
Suppose 18*t - 35 = 17*t + z, -2*t + 60 = -4*z. Suppose -3*a - t + 373 = -2*k, 2*a + 2*k = 212. What is the units digit of a?
9
Let u = 15 - 13. Suppose 0 = -5*k + 4*c + 1453, -u*k + 1152 = 2*k + 2*c. Let l = -196 + k. What is the tens digit of l?
9
Suppose -5*w = g - 9, 0 = -g + 9*w - 10*w + 9. What is the tens digit of 34/(-5)*(-135)/g?
0
Let c = 108 + 7697. What is the units digit of c?
5
Suppose -4*v + d = -79574, -66009 = -4*v - 5*d + 13601. What is the tens digit of v?
9
Suppose 16*k - 19 = 45. Suppose -5*o - 684 = -k*t + 721, o - 685 = -2*t. What is the hundreds digit of t?
3
Suppose -58*a + 57*a + 2*s = -1748, -4*a = -2*s - 6962. What is the thousands digit of a?
1
Let c(g) = 2*g**2 - 6*g + 5. Let m be c(4). Suppose f = -5*q + 8112, 11*f - m*f = -q + 1618. What is the thousands digit of q?
1
Suppose 4*p = 7*a - 4*a - 14473, 24114 = 5*a + p. What is the units digit of a?
3
Suppose -6*w + 20*w - 7*w - 70028 = 0. What is the ten thousands digit of w?
1
Let g = 13 - 698. Let m = -591 - g. What is the units digit of m?
4
Suppose -4*n - 4 = 0, 3*f + 3*n - 22 = -2*n. Suppose 25 = -4*r + f*r. Suppose r*w = 8*w - 4*k - 6, 3*w + 5*k = 6. What is the units digit of w?
2
Let y(c) = -11*c**2 - 4*c + 13. Let o be y(-7). Let u be ((-6)/(-18))/((-1)/o). Suppose -3*s + 218 = -u. What is the tens digit of s?
2
What is the hundreds digit of (-28 + 2)/((-28)/1498)?
3
Let l = 552 + -163. Let f = 929 - l. What is the hundreds digit of f?
5
Let f(a) = 14*a - 67. Let r be f(5). Let x(o) = 68*o**2 - 5*o + 6. Let m be x(r